culate p(g).
4
Let z(k) be the second derivative of -22*k - 2 + 1/12*k**4 - 7/6*k**3 + 0*k**2. Give z(5).
-10
Let j = 2 - 0. Let f be 3 + 0/j + 8. Let s(g) = -5*g - 108*g**2 + 107*g**2 - 4 + f. What is s(-6)?
1
Let a(k) = 2*k + 7. Let x be a(-6). Let r(g) be the first derivative of -5*g + 0*g**2 + 1/3*g**3 - 31. What is r(x)?
20
Suppose 0 = 32*p - 27*p - 10. Suppose -3*k + u + 0*u = 31, -u - 24 = p*k. Let a(b) = -b**3 - 10*b**2 + 11*b + 7. Determine a(k).
7
Let x(l) = 3*l - 26. Let t(u) = -2*u + 16. Let m = 210 + -213. Let b(o) = m*x(o) - 5*t(o). Determine b(-12).
-14
Let y be (-32)/(-10) - 2/10. Let n = 0 + 2. Let v(h) = 4 - 2*h + 2*h - 4*h**2 + 5*h**n. What is v(y)?
13
Suppose -13 = 5*m - 53. Suppose -c + m = c. Let j(v) = 5 - 14*v + 23*v - 10*v. Calculate j(c).
1
Suppose 3*f = -5*p - 38, 5*p = -f - 18 - 18. Let h(v) = 7*v**2 + 4*v - 38. Let u(i) = 6*i**2 + 4*i - 32. Let o(w) = -5*h(w) + 6*u(w). Calculate o(p).
19
Let r be (-730)/105 - (-72)/(-1512). Let c(x) = -16*x - 95. Give c(r).
17
Let n(o) be the third derivative of o**6/120 + o**5/5 + 2*o**4/3 - 8*o**3/3 - 1990*o**2. Calculate n(-9).
83
Let k(m) be the third derivative of -m**6/120 - m**5/12 - m**4/24 + 7*m**3/6 + 230*m**2 - 3*m. Determine k(-3).
-8
Let q = 111 + -106. Let d(r) be the second derivative of r**3/3 + 3*r**2 + 2*r + 3. What is d(q)?
16
Let v be ((-65)/(-10))/(1/6). Let m = v - 33. Let f(c) = -m*c**2 - 8*c + 9*c**2 - 4*c**2 - 6. Determine f(-6).
6
Let y(n) be the first derivative of -4 + 3/4*n**4 + 0*n - 3/2*n**2 - 2/3*n**3. Calculate y(-2).
-26
Suppose 76 - 376 = -75*m. Let n(v) = -v**2 + 5*v + 10. Calculate n(m).
14
Let u(c) = -3*c**3 + c + 1. Let k be u(-1). Let j(g) = 7*g**2 + 7*g - 4. Suppose -14*n + n = -52. Let b(y) = 2*y**2 + y. Let m(f) = n*b(f) - j(f). What is m(k)?
4
Let g(y) = y**3 - 12*y**2 - 2*y - 7. Let w be (-3)/(-4) + (-7425)/(-660). Determine g(w).
-31
Let z(a) be the first derivative of -a**4/4 - 8*a**3 - 25*a**2/2 + 3*a + 3507. Determine z(-23).
49
Suppose 9*c = -5*z + 11*c + 30, 2*c = -5*z + 10. Suppose -3 = r - 1, z*r + 16 = 2*k. Let l(f) = -5*f. Give l(k).
-20
Let r(v) = v**3 + 5*v**2 - 10*v - 15. Let j = -5637 - -5631. Give r(j).
9
Let b(k) = -2*k**3 - k**2 - 3. Let w(h) = 7*h**3 - 3*h + 2*h + 2*h**2 + 4 - 4*h**3. Let r(q) = -4*b(q) - 3*w(q). What is r(-3)?
0
Let x(c) = -34*c + 6 + 25*c + 11*c + 12*c. Determine x(-1).
-8
Suppose -182*y = -76*y - 83*y - 69. Suppose f + 4 = 5*f. Let d(t) = -t - 4 - f + t**2 + 4. Calculate d(y).
5
Let p(i) = i**3 + 14*i**2 + 40*i - 44. Let x be p(-9). Let v(o) = 7*o - 3. Calculate v(x).
4
Let y(f) = -7*f**2 - 9 + 0*f**3 + 1 - f**3 - f. Suppose 3*s + 742 = -5*j - 128, 4*j + 679 = s. Let p = 164 + j. What is y(p)?
-1
Let o(t) = 3*t**2 + 5*t + 3. Suppose 37 = c + 30. Suppose 0 = -k + c + 35. Let v = -45 + k. What is o(v)?
15
Let z(k) = k + 8 + 5*k**2 + 1 - 11 - 2*k**3 + 4. Suppose 131 = m + 5*b + 118, -m = 4*b - 11. What is z(m)?
-4
Let t = -2 + 8. Suppose 24 - t = 2*y. Let d(j) = 9*j**3 + j**2. Let k(x) = -46*x**3 + 4*x**2 - 7. Let q(l) = -5*d(l) - k(l). Determine q(y).
7
Let h(f) be the third derivative of 0 - 1/24*f**4 + 0*f - 5/3*f**3 + 104*f**2. What is h(-11)?
1
Let y(o) = -179*o + 33 - 88 + 34 + 28 + 180*o. Let d = 5 + -10. Calculate y(d).
2
Let r(z) be the third derivative of z**4/8 - 3*z**3/2 + 3*z**2. Let o(p) = p**3 + 10*p**2 + 13*p - 20. Let q be o(-9). Let v = -50 - q. Determine r(v).
9
Suppose -5*i - 5*w - 5 = 0, 3*w + 5 = 8*i - 10*i. Let o(f) = 0*f - 99*f**3 + f + 8 - f**i + 7 + 100*f**3. Let p(r) = -r - 1. Let m be p(-1). Determine o(m).
15
Let h(a) be the second derivative of a**4/3 + 5*a**3/6 + a**2/2 + 3494*a. What is h(2)?
27
Let z = -5 - -1. Let m(v) = -v**3 - 5*v**2 - 5207*v + 5 - 5213*v + 10416*v. Determine m(z).
5
Let u(k) be the second derivative of 41*k**5/10 + k**4/4 - 5*k**3/6 + 3*k**2/2 - 1974*k. What is u(1)?
83
Let l(t) be the third derivative of t**5/60 + t**4/24 - t**3/3 - 3*t**2. Suppose -10 = 6*o - 11*o. Suppose o*x - b = -6, x + x - 2*b = -6. Give l(x).
4
Let k(j) = -j**2 + 5*j + 173. Let f be k(-11). Let p(g) = g**3 - 3*g**2 - 2*g + 5. Give p(f).
-43
Let g(y) = 6*y - 6. Let d(i) = 4*i - 1. Let s(x) = 3*x - 6. Let a(w) = d(w) + s(w). Let p(l) = 5*a(l) - 6*g(l). Calculate p(-8).
9
Let y(i) be the first derivative of -i**3/3 + i**2 + i - 11482. Suppose 4*b + 5 + 11 = 0. Let k = -6 - b. Calculate y(k).
-7
Suppose 10*l = 37 + 53. Let v(r) = -r**3 + 8*r**2 + 8*r + 14. Let g be v(l). Let b(z) = z**3 - g*z**2 + 1 + 92*z + 0 - 46*z - 47*z. What is b(5)?
-4
Let b(w) = -2*w - 24. Let v(f) = -19*f - 233. Let m(u) = 8*b(u) - v(u). What is m(-24)?
-31
Let g(o) be the third derivative of o**4/4 - 8*o**3/3 - 277*o**2 + 9*o. Calculate g(14).
68
Let j(r) = -12*r + 6. Let g(q) = -11*q + 5. Let x(m) = m**3 + 6*m**2 + 11*m + 24. Let y be x(-5). Let t = 13 + -6. Let n(z) = t*g(z) + y*j(z). Calculate n(-1).
4
Let q(z) = 22*z**3 + 29*z**2 - 37*z + 87. Let o(u) = 9*u**3 + 15*u**2 - 18*u + 42. Let j(h) = -5*o(h) + 2*q(h). Determine j(-18).
0
Let t(h) = 11*h + 141. Let a(s) = -5*s**3 - 5*s**2 + 23*s + 1. Let f be a(2). Determine t(f).
-2
Let m(d) = -9*d + 6. Let c be (-24)/16*12/(-9). Determine m(c).
-12
Let s(a) be the second derivative of 4/3*a**3 + 1/12*a**4 + 5/2*a**2 + 0 - 4*a. Calculate s(-5).
-10
Let j(n) = n**2 + 50*n + 300. Let g(d) = 2*d**3 + 45*d**2 + 14*d - 183. Let t be g(-22). Give j(t).
-1
Let t be (13/(-3) - -3)*6/(-2). Let j(u) = -6*u. Calculate j(t).
-24
Let h(o) = o**2 - 5*o + 3. Let p(m) = 2*m + 11. Let t be p(-3). Suppose -4*u = n - 32, -t*n - u + 61 = -80. Let r be n/49 + (-48)/(-14). Determine h(r).
-1
Let r(g) = -g**2 + 3*g + 2. Let t be r(3). Let n be 9/3 - (-16)/(-8). Let k(b) = 4 - b - n - 8 + 7. Give k(t).
0
Let v(n) = -7*n**3 + 9*n**2 + 2*n - 2. Let t(p) = -16*p**3 + 18*p**2 + 7*p - 4. Let s(y) = -3*t(y) + 7*v(y). Give s(8).
6
Suppose 0 = -16*w + 20*w. Let i(u) = u - 12 - 2*u + w*u. Calculate i(-5).
-7
Suppose -42 = 5*b + 3. Let o(h) = 19*h + 38. Let x(m) = 22*m + 43. Let i(j) = 7*o(j) - 6*x(j). Determine i(b).
-1
Let x(g) = -g**3 + 23*g**2 + 20*g + 98. Let k(u) = 27*u**2 + 22*u + 19. Let q be k(-1). Calculate x(q).
2
Let u(p) be the second derivative of p**5/20 + p**3/2 - 3*p**2 + 7*p - 21. What is u(3)?
30
Let f(v) = 1076 - v + 1069 + 1076 + 1079 - 4260. What is f(44)?
-4
Let k = 71 - 69. Let b(x) = x**3 - 2*x - 141*x**2 + 3 + 1 - 3*x + 136*x**k. Determine b(6).
10
Let o(t) = -t**2 - 2 + 2*t**2 + 3*t + 4 - 5*t. Let l be (-88)/(-440) + (-16)/(-3)*15/(-25). Determine o(l).
17
Let y(r) = r**2 - 5*r. Let x(z) = z**2 - 52*z + 445. Let o be x(12). Let j = -4 + 11. Let q be (-48)/(-15) + j/o. Give y(q).
-6
Let d(w) = w + 17. Let a(k) = 3*k + 49. Let y(f) = -3*a(f) + 8*d(f). Let q = 28 - 33. Let m(u) = -u - 11. Let l be m(q). Calculate y(l).
-5
Let t(h) = -17*h - 130. Let d be t(-8). Let b(z) be the third derivative of -z**5/30 + 11*z**4/24 + z**3/3 - 3*z**2 + 19*z. Calculate b(d).
-4
Let x = 4284 + -4279. Let v(f) = f + 8. Give v(x).
13
Let s(r) be the first derivative of -r**6/120 - 11*r**5/60 + r**4/2 - r**3/6 + 4*r**2 - 83. Let b(q) be the second derivative of s(q). What is b(-12)?
-1
Let d(j) = -j**2 + 1. Suppose -9 + 64 = g. Suppose -222 = -4*n - 2*y, -5*n + 102 = -3*n + 4*y. Let c = n - g. What is d(c)?
-3
Let x(s) = -2. Let p(l) = 2*l**2 + 2*l. Let y(g) = p(g) + x(g). Calculate y(1).
2
Let f(r) = -2*r - 14. Suppose 4*i = 22 + 22. Suppose 14*h - i*h + 18 = 0. Give f(h).
-2
Let c(q) = -q**3 + 7*q**2 - 7*q - 3. Let f be c(3). Suppose -2*d + f = 26. Let o(t) be the first derivative of t**3/3 + 7*t**2/2 - 6*t - 1. Determine o(d).
-6
Let s = -184 - -190. Let j(q) = -3*q**2 - q - q**2 + 0 - 4 - 1 - q**3 - s*q**2. Determine j(-10).
5
Let h(a) = 2*a**2 + 42*a + 33. Let j be 30/3*-5*(-12)/(-30). Calculate h(j).
-7
Let u = 2859 + -2864. Let v(z) = 6*z + 16. What is v(u)?
-14
Let i(d) = -20 + d - 8*d - 2*d - 5*d + 13*d. What is i(-15)?
-5
Let a(u) = 299*u - 215*u - 85*u - 19 + 2*u**2 - 3*u**2. Determine a(0).
-19
Let v be (3 - 2) + (20/(-150) - (-107)/15). Let f(a) be the second derivative of -a**3/6 + 5*a**2/2 + 2*a. Give f(v).
-3
Let v(y) = -80*y**2 + 5*y - 24 - 361*y**2 + 185 + 440*y**2. Determine v(15).
11
Let v(b) be the third derivative of b**4/8 - 5*b**3/6 + b**2 - 7*b - 156. Suppo